, 11, 23, 43
List the prime factors of 202718.
2, 101359
List the prime factors of 473560.
2, 5, 11839
List the prime factors of 411075.
3, 5, 7, 29
List the prime factors of 519532.
2, 13, 97, 103
List the prime factors of 30688.
2, 7, 137
What are the prime factors of 3154357?
3154357
List the prime factors of 180154.
2, 13, 41
List the prime factors of 15169889.
7, 37, 1583
List the prime factors of 1173107.
13, 90239
What are the prime factors of 12009304?
2, 89, 101, 167
What are the prime factors of 95366?
2, 41, 1163
List the prime factors of 348307.
348307
What are the prime factors of 124567?
124567
What are the prime factors of 805299?
3, 11, 23, 1061
What are the prime factors of 570432?
2, 3, 2971
List the prime factors of 378743.
17, 22279
List the prime factors of 172041.
3, 57347
What are the prime factors of 4215311?
1321, 3191
List the prime factors of 279981.
3, 13, 2393
List the prime factors of 322925.
5, 12917
What are the prime factors of 132069?
3, 7, 19, 331
List the prime factors of 673825.
5, 26953
List the prime factors of 3805464.
2, 3, 13, 12197
What are the prime factors of 722142?
2, 3, 43, 311
List the prime factors of 1556111.
23, 29, 2333
List the prime factors of 141240.
2, 3, 5, 11, 107
List the prime factors of 6671615.
5, 947, 1409
What are the prime factors of 9240821?
19, 29, 31, 541
List the prime factors of 693466.
2, 101, 3433
List the prime factors of 30132.
2, 3, 31
List the prime factors of 702704.
2, 37, 1187
What are the prime factors of 27214201?
7, 41, 94823
What are the prime factors of 493831?
13, 37987
List the prime factors of 1147505.
5, 19, 47, 257
List the prime factors of 169296.
2, 3, 3527
What are the prime factors of 36062?
2, 13, 19, 73
What are the prime factors of 1142665?
5, 173, 1321
What are the prime factors of 5941327?
7, 848761
List the prime factors of 273348.
2, 3, 2531
List the prime factors of 17779175.
5, 29, 137, 179
List the prime factors of 14039756.
2, 17, 206467
What are the prime factors of 153681?
3, 11, 4657
List the prime factors of 401261.
7, 19, 431
List the prime factors of 2517.
3, 839
List the prime factors of 1992259.
1992259
List the prime factors of 293212.
2, 73303
List the prime factors of 306248.
2, 38281
List the prime factors of 3771909.
3, 17, 89, 277
What are the prime factors of 434211?
3, 144737
What are the prime factors of 254043?
3, 97
What are the prime factors of 36362289?
3, 12120763
What are the prime factors of 124103?
7, 17729
List the prime factors of 9723992.
2, 1215499
What are the prime factors of 5683318?
2, 19, 149561
List the prime factors of 29923503.
3, 73, 139, 983
List the prime factors of 3757998.
2, 3, 626333
List the prime factors of 4718752.
2, 167, 883
What are the prime factors of 394122?
2, 3, 65687
What are the prime factors of 669191?
73, 89, 103
What are the prime factors of 27743609?
17, 433, 3769
List the prime factors of 282480.
2, 3, 5, 11, 107
What are the prime factors of 125625?
3, 5, 67
What are the prime factors of 5767429?
41, 163, 863
What are the prime factors of 28261359?
3, 7, 149531
What are the prime factors of 892981?
19, 43, 1093
List the prime factors of 94398.
2, 3, 15733
List the prime factors of 7373312.
2, 14401
List the prime factors of 11719953.
3, 7, 17, 31, 353
List the prime factors of 773954.
2, 386977
List the prime factors of 197694.
2, 3, 7, 523
What are the prime factors of 27187389?
3, 569, 5309
What are the prime factors of 14399709?
3, 103, 46601
List the prime factors of 846655.
5, 29, 5839
What are the prime factors of 748926?
2, 3, 23, 67
What are the prime factors of 836976?
2, 3, 7, 47, 53
List the prime factors of 951713.
7, 79, 1721
List the prime factors of 9108991.
17, 43, 733
What are the prime factors of 227854?
2, 11, 10357
What are the prime factors of 11331245?
5, 59, 71, 541
What are the prime factors of 11788634?
2, 11, 13, 47, 877
List the prime factors of 1062740.
2, 5, 7, 7591
List the prime factors of 5222499.
3, 47, 37039
What are the prime factors of 132866?
2, 31, 2143
List the prime factors of 187364.
2, 31, 1511
List the prime factors of 231119.
7, 137, 241
List the prime factors of 15568965.
3, 5, 103, 3359
List the prime factors of 2210977.
2210977
What are the prime factors of 308515?
5, 61703
What are the prime factors of 8402614?
2, 11, 381937
List the prime factors of 615850.
2, 5, 109, 113
What are the prime factors of 16877813?
16877813
List the prime factors of 31257.
3, 23, 151
What are the prime factors of 723243?
3, 491
What are the prime factors of 408362?
2, 73, 2797
List the prime factors of 1065043.
7, 233, 653
What are the prime factors of 24456?
2, 3, 1019
What are the prime factors of 1518479?
109, 13931
List the prime factors of 795913.
795913
List the prime factors of 499572.
2, 3, 13877
List the prime factors of 66694.
2, 33347
What are the prime factors of 440654?
2, 220327
List the prime factors of 90047.
53, 1699
What are the prime factors of 5091081?
3, 1697027
List the prime factors of 11995813.
11995813
What are the prime factors of 537258?
2, 3, 151, 593
List the prime factors of 10898502.
2, 3, 241, 7537
What are the prime factors of 106871?
106871
List the prime factors of 16393307.
7, 173, 13537
List the prime factors of 819439.
37, 22147
List the prime factors of 6115231.
809, 7559
What are the prime factors of 738553?
23, 163, 197
List the prime factors of 1287974.
2, 41, 113, 139
What are the prime factors of 675368?
2, 84421
List the prime factors of 131156.
2, 32789
List the prime factors of 10250401.
7, 1464343
What are the prime factors of 1044520?
2, 5, 26113
What are the prime factors of 116080?
2, 5, 1451
List the prime factors of 8321523.
3, 7, 8087
What are the prime factors of 20999754?
2, 3, 269, 4337
List the prime factors of 8486307.
3, 53, 17791
What are the prime factors of 255700?
2, 5, 2557
What are the prime factors of 71571?
3, 23857
List the prime factors of 1646171.
1646171
What are the prime factors of 1643055?
3, 5, 109537
What are the prime factors of 10486734?
2, 3, 41, 47, 907
List the prime factors of 1015201.
11, 41, 2251
What are the prime factors of 17805150?
2, 3, 5, 11, 109
What are the prime factors of 6471235?
5, 41, 31567
What are the prime factors of 1940253?
3, 7, 67, 197
List the prime factors of 797896.
2, 11, 9067
What are the prime factors of 198296?
2, 7, 3541
List the prime factors of 265057.
13, 20389
What are the prime factors of 5231568?
2, 3, 108991
What are the prime factors of 1203668?
2, 17, 31, 571
What are the prime factors of 35626817?
35626817
What are the prime factors of 22405015?
5, 4481003
List the prime factors of 25363262.
2, 12681631
List the prime factors of 174696.
2, 3, 29, 251
List the prime factors of 2142559.
37, 79, 733
What are the prime factors of 176448?
2, 3, 919
What are the prime factors of 13411176?
2, 3, 353, 1583
What are the prime factors of 203405?
5, 17, 2393
What are the prime factors of 12877163?
13, 59, 103, 163
What are the prime factors of 27258421?
1571, 17351
What are the prime factors of 69703?
43, 1621
List the prime factors of 3085490.
2, 5, 239, 1291
What are the prime factors of 5700016?
2, 7, 50893
What are the prime factors of 369936?
2, 3, 7, 367
List the prime factors of 20996297.
7, 1429, 2099
List the prime factors of 169545.
3, 5, 89, 127
What are the prime factors of 8616211?
43, 151, 1327
List the prime factors of 530690.
2, 5, 53069
What are the prime factors of 2147074?
2, 1073537
What are the prime factors of 1406633?
1406633
List the prime factors of 19159690.
2, 5, 11, 23, 7573
List the prime factors of 397767.
3, 132589
What are the prime factors of 2044697?
2044697
List the prime factors of 10380200.
2, 5, 17, 43, 71
What are the prime factors of 4179?
3, 7, 199
List the prime factors of 118954.
2, 11, 5407
What are the prime factors of 315803?
315803
List the prime factors of 4435873.
13, 19, 17959
What are the prime factors of 254232?
2, 3, 11, 107
List the prime factors of 201641.
11, 23, 797
List the prime factors of 830324.
2, 11, 113, 167
What are the prime factors of 226101?
3, 75367
List the prime factors of 6122337.
3, 13, 179, 877
List the prime factors of 849415.
5, 7, 3467
List the prime factors of